irst derivative of p**3/3 - 2*p**2 + 2. What is i(w)?
-3
Let u(k) be the second derivative of 0 + 2*k + 1/2*k**2 + 1/6*k**4 - 1/20*k**5 + 1/3*k**3. Determine u(3).
-2
Let z(w) be the second derivative of 1/6*w**3 + 0 + 3*w + 0*w**2. Give z(0).
0
Let x = 30 - 28. Let h(q) = -4 - q**2 + 2 + x + 3*q. Suppose 4*f - 40 = -5*w, 5*w = -3*f - 4 + 39. Determine h(w).
-4
Let a(v) be the third derivative of v**4/24 + 3*v**3/2 + 3*v**2. Determine a(-9).
0
Let u(g) be the third derivative of g**4/24 - 5*g**3/6 - g**2. Suppose -3*w - w = 0. Suppose 5*c = -15, -3*j + w*c - 3 = 5*c. Give u(j).
-1
Let f(n) = 5*n**2 + 2*n - 1. Suppose -8 = -2*b - 2*b. Suppose -2*g + 0*g + b = 0. What is f(g)?
6
Let q(v) = 5 + 0 - 10*v**2 + 9*v**2 + 1. Calculate q(0).
6
Let v be (-2)/(-3) - (-6)/(-9). Let b(u) = -3 + v + 8 + 4 + u. Give b(0).
9
Let h(s) = s**3 + 7*s**2 + 4*s - 5. Suppose -48 = 4*x - 4*j, -j + 20 = -2*x + 3*j. Let i(d) = -d**2 - 14*d - 6. Let p be i(x). Give h(p).
7
Let d(s) be the third derivative of s**6/120 + 3*s**5/20 - s**3/2 - 13*s**2. Give d(-9).
-3
Let d be (-3)/(-2) - 45/(-18). Let r(y) = -y**3 + 4*y**2 - 4*y - 2. Give r(d).
-18
Let a = -3 + -7. Let h(k) = -k - 6. Determine h(a).
4
Let n(m) = m - 11. Let g(u) = 6*u - 55. Let d(j) = -2*g(j) + 11*n(j). Determine d(0).
-11
Let z(s) = 9*s**2 + s**3 + 8*s**2 - 4*s - 17*s**2 + 3. Give z(2).
3
Let z(c) be the first derivative of -7*c**2/2 + c + 53. Give z(-2).
15
Let t(w) = -3*w + 4 + 6*w + 5*w**2 + w + w**3. Let r be 14/(-4) + ((-21)/(-6) - 4). Determine t(r).
4
Let m be (-1)/(0 + 1)*0. Let h(f) be the second derivative of m - 2*f + 1/12*f**4 + 1/2*f**3 + 0*f**2. Calculate h(-3).
0
Let p(u) = -u**3 - 1. Let l be p(2). Let t be l/6*(-12)/9. Suppose t*x - x = -4. Let f(n) = -3*n - 6. What is f(x)?
6
Let g(i) = 4*i**2 - i. Let n = -63 + 37. Let b = n + 25. What is g(b)?
5
Let v(h) = -h - 2*h + 2*h. Let n = 10 + -16. Calculate v(n).
6
Let h = 25 - 21. Let b(u) = u**2 - 7*u + 6. What is b(h)?
-6
Let o(l) = -10*l**2 - 11*l - 5. Let v(a) = -3*a**2 - 4*a - 2. Let s(r) = 2*o(r) - 7*v(r). Determine s(-4).
-4
Let d(r) = -2*r + 2. Let t be d(0). Let p(a) = -5 + 6 - 5*a**t - a**3 + 2 + 2*a. Give p(-5).
-7
Suppose i + 6 = -i. Let z(d) be the first derivative of -2*d**2 - 5*d + 1. Let c(x) = -5*x - 4. Let t(m) = i*c(m) + 4*z(m). What is t(0)?
-8
Let l(r) be the second derivative of r**4/12 + 4*r**3/3 + 3*r**2/2 - 45*r. What is l(-8)?
3
Let i(n) = -4 - 3*n + 4 + 2*n. Let y(d) = -d**3 + 8*d**2 + 9*d. Let w be y(9). Let x be i(w). Let g(k) = k**3 + 7. What is g(x)?
7
Let o be 719/(-2) + (-18)/12. Let a be o/(-57) + 1/(-3). Let z(g) = 3*g - 3. Determine z(a).
15
Let g = 4 - 2. Suppose -4 = g*w - 2. Let b = w + 1. Let a(f) = f - 1. Calculate a(b).
-1
Let q(r) be the third derivative of -r**6/120 + r**5/30 + r**4/12 + 2*r**3/3 - 40*r**2. What is q(3)?
1
Suppose 2*b - 19 = -5. Let f(t) = -3*t - 3. Let x(d) = d + 1. Let u(l) = b*x(l) + 2*f(l). Give u(-5).
-4
Let a be (-20)/(-11) + (-22)/(-121). Let u(i) = -i**2 - 1. Let b(p) = p**2 + 1. Let k(n) = 3*b(n) + 4*u(n). Determine k(a).
-5
Let l(f) = f**3 + 7*f**2 - 8*f - 4. Suppose 6*k + 6 = -42. Calculate l(k).
-4
Let a(h) = -35 + h - 37 + 59 + h. Give a(6).
-1
Let c = 2/321 - -33/428. Let w(z) be the second derivative of -c*z**4 + 5/6*z**3 + 2*z - z**2 + 0. What is w(4)?
2
Let u(i) = 2*i - 10. Suppose 32 = 3*h + h. Let l be u(h). Let q(c) = -c**3 + 7*c**2 - 7*c + 4. Calculate q(l).
-2
Let h = -7 - -8. Let y(n) = 1 + n**2 + n**2 - 2*n - h - 1. Give y(2).
3
Let c(i) = i**3 - 2*i**2 + i - 3. Suppose 3*o - o = 10. Let n be 2*2*o/4. Suppose -s + 2*s + 2*t = -1, 2*s + 4 = -n*t. Calculate c(s).
9
Let b(p) be the second derivative of p**3/2 + p**2/2 - p. Suppose 5*a = 4*v + 46 + 9, -3*a + 3*v = -36. Suppose a = -5*d + 2. Calculate b(d).
-2
Let n(k) = k**2 + 6*k - 8. Let f be (-270)/50 - (-2)/5 - 3. Calculate n(f).
8
Let f(w) = 2 + 9*w + 2*w + 5 + 0 + 2*w**2. Give f(-7).
28
Suppose 3*h = 2*a + 25, 5*a - 3*h + 6*h = -73. Let m = -10 - a. Suppose 2*r + 3*w - 4 = 0, m*w - 3 = 3*r - 26. Let l(u) = u**2 - 6*u + 7. What is l(r)?
2
Let t(f) = 2 + 1 + 0 - f. Let q = 13 - 3. Suppose -q - 5 = -3*i. Give t(i).
-2
Let s(u) be the third derivative of u**5/60 + u**4/24 - u**3/2 - 27*u**2. Calculate s(3).
9
Let g be 12*(3 - (-8)/(-3)). Suppose n - 12 = 4*n + 2*o, -21 = g*n + o. Let x(z) = -z**2 - 6*z + 3. What is x(n)?
3
Let n = -23 - -15. Let s = 28 - 17. Let p = s + n. Let o(v) = -v**3 + 4*v**2 - 2*v - 3. Give o(p).
0
Let l(a) be the third derivative of a**5/60 - a**4/8 - a**3/6 - 3*a**2. Let c be ((-10)/(-4))/(2/4). What is l(c)?
9
Let o(w) = w**2 + 0 - 5*w - 3 + 2*w + 2. Give o(5).
9
Let g(n) = -n + 2. Suppose -6*y = -i - 3*y + 3, 5*i - 3*y - 27 = 0. Suppose d - 3*d = -i. Calculate g(d).
-1
Let w be -4 + 1 + (1 - -1). Let j(z) = z**3 + 3*z**2 + z. What is j(w)?
1
Suppose l + s = 4, -2*l + 2*s - 8 = -0. Let z(v) = -v**2 - v - 4. Give z(l).
-4
Let n(y) = 2 - 2*y + 5 - 5 - 1. Give n(6).
-11
Suppose -4*b = -d + 16, -12 = -4*d + 2*d + 3*b. Suppose -4*w - w = a - 18, d = 3*w + 4*a - 21. Let v(i) = i**3 - 4*i**2 + i + 1. Give v(w).
-5
Suppose 3*o + 16 = 2*r, 4*r - 10 = 5*o + 18. Suppose 0 = r*t - z - 5, 2*t = -z + 3*z + 4. Let g be (-18)/t*(-3)/9. Let q(w) = -3*w + 3. What is q(g)?
-3
Suppose -1 + 0 = -h. Let j(c) = -h + 4*c**2 + 0*c**2 - 2*c**2. Let b be -1*(-1 + (-6)/(-2)). Determine j(b).
7
Let x be (-88)/(-11)*3/(-6). Let m(t) = t**3 + 5*t**2 + 7*t + 4. Calculate m(x).
-8
Suppose n - 5 = 1. Suppose n*k - 3*k = -6. Let c(m) = m**2 - 2*m. What is c(k)?
8
Let v(r) be the third derivative of -r**5/60 - r**4/24 + r**3 - 77*r**2. Calculate v(5).
-24
Let y(p) = -p**2 - p + 4. Let b(d) be the third derivative of 0*d**4 + 3*d**2 - 1/60*d**5 + 1/6*d**3 + 0*d + 0. Let w(a) = -2*b(a) + y(a). What is w(-2)?
8
Suppose a + 5 + 12 = 5*t, -2*t = -8. Let z(u) = 3 + 0*u**2 - 2 - u**2. Let s(b) = b**3 - 9*b**2 + 4*b + 4. Let w(q) = -s(q) + 4*z(q). Give w(a).
6
Let b(n) be the third derivative of n**2 - 1/60*n**5 + 0*n - 5/24*n**4 + 0*n**3 + 0. Suppose 2*z - 6 = 0, 7 + 3 = o + 5*z. Give b(o).
0
Let i(n) = -2*n - 3. Let y be i(-3). Let f(j) = -j - 3 + y. Let g(a) = a**2 - 6*a + 6. Let s be g(4). Give f(s).
2
Suppose -2*f - 4 = 4. Let l(q) be the first derivative of q**3/3 + q**2/2 - 5*q - 14. What is l(f)?
7
Let z(h) be the first derivative of h**5/60 + h**4/24 + 5*h**2/2 + 7. Let c(l) be the second derivative of z(l). Give c(0).
0
Let c(u) = 6 - u**3 + 1 - 1 + u. Let x be (-21)/(-9) + 10/15. Suppose -2*i = -x*i. Determine c(i).
6
Let g be (-3)/(14/(-8) - -1). Let v(i) = -4 + 1 - 10*i + 8*i. Determine v(g).
-11
Let j(r) = -r**2 - 5*r - 2. Let s be j(-2). Suppose s*z - 7 = 9. Let u(p) = -p**2 + 3*p + 2. Give u(z).
-2
Let u(a) = 3*a**2 - 3*a + 5. Let d(i) = 7*i**2 - 7*i + 11. Let k(b) = -2*d(b) + 5*u(b). Determine k(0).
3
Let z(k) = -k**2. Let a(q) = -2*q**2 - 12*q + 13. Let n be a(-7). Give z(n).
-1
Let m be (5 - 4)/((-2)/22). Let c(z) = z + 2. Give c(m).
-9
Let u be -6 - 0*(-4)/(-8). Let k(a) = -a**2 - 3*a + 3. Calculate k(u).
-15
Let l(t) be the first derivative of t**7/840 + t**6/60 + t**5/120 + 7*t**4/24 + 4*t**3/3 + 7. Let u(i) be the third derivative of l(i). What is u(-6)?
1
Let l = -9 - -11. Let q(s) = 9*s**l + 0 + 2 + s - 1 + 0*s. What is q(-1)?
9
Suppose -32 = 4*j - 12. Let g(w) = w**3 + 4*w**2 - 7*w - 1. Give g(j).
9
Let p(v) = v**2 - 3*v - 7. Suppose 2 + 9 = m. Suppose 0 = -4*r + 9 + m. Let x be p(r). Let q(a) = -4*a + 1. What is q(x)?
-11
Let c be ((-8)/(-10))/(1/5). Let d(f) = -3*f + 8. Let o(u) = -u + 1. Let v be (8 - 6)/(-1 + -1). Let j(t) = v*d(t) + 2*o(t). Calculate j(c).
-2
Let d(j) = j**3 + 9*j**2 - 11*j - 10. Let t be d(-10). Let s(q) = -q**2 - q. Calculate s(t).
0
Let p be 5/((-15)/(-9)) + 3. Let j(c) = -c**3 + 5*c**2 + 6*c + 8. Give j(p).
8
Let d(x) = -x + 0 - x - 1. Let o(w) = w**2 + 4*w + 5. Let n be o(-4). Suppose -5*j = -3*c + 7, 3*j + 2*j = n*c - 5. Determine d(j).
3
Let a(d) = 3*d**2 + 2*d - 1. Let j be a(1). Let p(t) = -j + 5*t + 0*t**2 + 1 - t**2. Calculate p(5).
-3
Let j(p) = -p**2 + 5*p + 6. Let i(m) = 3*m**2 + 30*m + 45. Let w(o) = o**2 + 15*o + 22. Let r(v) = -4*i(v) + 9*w(v). Let c(y) = 7*j(y) - 2*r(y). Calculate c(5).
6
Let x(h) = -9*h - 13. Let w(y) = -2*y - 3. Let r(m) = -26*w(m) + 6*x(m)